{"id":26,"date":"2024-02-22T18:31:56","date_gmt":"2024-02-22T18:31:56","guid":{"rendered":"https:\/\/laguardiadehonor.com.mx\/?page_id=26"},"modified":"2026-03-03T20:15:55","modified_gmt":"2026-03-03T20:15:55","slug":"inicio","status":"publish","type":"page","link":"https:\/\/laguardiadehonor.com.mx\/","title":{"rendered":"La Guardia de Honor del Sagrado Coraz\u00f3n de Jes\u00fas"},"content":{"rendered":"\n<div class=\"wp-block-group alignwide has-global-padding is-layout-constrained wp-container-core-group-is-layout-490fa1db wp-block-group-is-layout-constrained\" style=\"padding-top:var(--wp--preset--spacing--50);padding-right:var(--wp--preset--spacing--50);padding-bottom:var(--wp--preset--spacing--50);padding-left:var(--wp--preset--spacing--50)\">\n<div class=\"wp-block-group has-global-padding is-layout-constrained wp-container-core-group-is-layout-650790e1 wp-block-group-is-layout-constrained\">\n<div style=\"height:1.25rem\" aria-hidden=\"true\" class=\"wp-block-spacer\"><\/div>\n\n\n\n<p class=\"has-text-align-center has-large-font-size\">Asociaci\u00f3n de fieles (laicos, religiosos, sacerdotes) antes conocida como Archicofrad\u00eda, &nbsp;fundada en 1863.<\/p>\n\n\n\n<div style=\"height:1.25rem\" aria-hidden=\"true\" class=\"wp-block-spacer\"><\/div>\n\n\n\n<div class=\"wp-block-buttons is-content-justification-center is-layout-flex wp-container-core-buttons-is-layout-a89b3969 wp-block-buttons-is-layout-flex\">\n<div class=\"wp-block-button\"><a class=\"wp-block-button__link wp-element-button\" href=\"https:\/\/laguardiadehonor.com.mx\/index.php\/nosotros\/\" target=\"_blank\" rel=\"noreferrer noopener\">Nosotros<\/a><\/div>\n<\/div>\n<\/div>\n<\/div>\n\n\n\n<div class=\"wp-block-group alignfull has-base-2-background-color has-background has-global-padding is-layout-constrained wp-container-core-group-is-layout-669513ed wp-block-group-is-layout-constrained\" style=\"margin-top:0;margin-bottom:0;padding-top:var(--wp--preset--spacing--50);padding-right:var(--wp--preset--spacing--50);padding-bottom:var(--wp--preset--spacing--50);padding-left:var(--wp--preset--spacing--50)\">\n<div class=\"wp-block-group is-vertical is-content-justification-center is-layout-flex wp-container-core-group-is-layout-52b864f0 wp-block-group-is-layout-flex\">\n<h2 class=\"wp-block-heading has-text-align-center is-style-asterisk has-text-color has-link-color wp-elements-25681f551dfa9e68cd3e04c8e6930e06\" style=\"color:#b60606\">\u00bfQu\u00e9 es ser Guardia de honor?<\/h2>\n\n\n\n<div style=\"height:0px\" aria-hidden=\"true\" class=\"wp-block-spacer wp-container-content-4f2ccadb\"><\/div>\n\n\n\n<p>Vivimos seg\u00fan nuestro estado de vida (como seglares, religiosos o sacerdotes)&nbsp;<strong>consagrados al Sagrado Coraz\u00f3n de Jes\u00fas.<\/strong>&nbsp;Hacemos vida esta consagraci\u00f3n, eligiendo una hora al d\u00eda para vivirla intensamente ofreciendo a Jes\u00fas todo lo que se hace, sin cambiar de ocupaciones (trabajo, estudios, trayectos o viajes, tiempo libre, tareas dom\u00e9sticas, comidas,\u2026 etc.)<\/p>\n\n\n\n<p class=\"has-text-color has-link-color wp-elements-7d510c011108016334ad1f710b7d6e9e\" style=\"color:#000000\">Nuestra&nbsp;<strong><a href=\"https:\/\/laguardiadehonor.com.mx\/index.php\/inicio\/hora\/\" data-type=\"page\" data-id=\"59\" target=\"_blank\" rel=\"noreferrer noopener\">hora de presencia<\/a><\/strong>&nbsp;u&nbsp;<a href=\"http:\/\/hora\" target=\"_blank\" rel=\"noreferrer noopener\"><strong>hora de Guardia<\/strong>,<\/a> nos recuerda que, mientras vivimos en gracia de Dios, todo lo que hacemos, por humilde que sea, es agradable a Dios y meritorio ante \u00c9l y por tanto, se le puede ofrecer.<\/p>\n\n\n\n<p>Por eso, aunque obviamente nunca est\u00e1 prohibido rezar, es una hora m\u00e1s para ofrecer.<\/p>\n\n\n\n<figure class=\"wp-block-embed is-type-video is-provider-youtube wp-block-embed-youtube wp-embed-aspect-16-9 wp-has-aspect-ratio\"><div class=\"wp-block-embed__wrapper\">\n<iframe loading=\"lazy\" title=\"La Guardia de honor del Sagrado Coraz\u00f3n de Jes\u00fas PRESENTACIO\u0301N 20 min\" width=\"500\" height=\"281\" src=\"https:\/\/www.youtube.com\/embed\/C9327m7EOSs?feature=oembed\" frameborder=\"0\" allow=\"accelerometer; autoplay; clipboard-write; encrypted-media; gyroscope; picture-in-picture; web-share\" referrerpolicy=\"strict-origin-when-cross-origin\" allowfullscreen><\/iframe>\n<\/div><figcaption class=\"wp-element-caption\"><strong>Presentaci\u00f3n de la Guardia de Honor del Sagrado Coraz\u00f3n de Jes\u00fas<\/strong><\/figcaption><\/figure>\n<\/div>\n\n\n\n<div class=\"wp-block-columns alignwide is-layout-flex wp-container-core-columns-is-layout-d0bbbce0 wp-block-columns-is-layout-flex\">\n<div class=\"wp-block-column is-layout-flow wp-container-core-column-is-layout-e3d1c41b wp-block-column-is-layout-flow\">\n<h3 class=\"wp-block-heading has-text-align-left is-style-asterisk has-text-color has-link-color has-large-font-size wp-elements-ad8380cc735ea2de194c80cc0a865fa1\" style=\"color:#b60606;font-style:normal;font-weight:600\"><em>Denominaci\u00f3n Oficial<\/em><\/h3>\n\n\n\n<p>L\u2019Heure de Pr\u00e9sence au C\u0153ur de J\u00e9sus \u2013 Garde d\u2019Honneur du Sacr\u00e9-C\u0153ur de J\u00e9sus<\/p>\n\n\n\n<p>La Hora de Presencia en el Coraz\u00f3n de Jes\u00fas \u2013 Guardia de Honor del Sagrado Coraz\u00f3n de Jes\u00fas<\/p>\n<\/div>\n\n\n\n<div class=\"wp-block-column is-layout-flow wp-container-core-column-is-layout-e3d1c41b wp-block-column-is-layout-flow\">\n<h3 class=\"wp-block-heading has-text-align-left is-style-asterisk has-text-color has-link-color has-large-font-size wp-elements-ea9cf6455b064bc13652484f35e13199\" style=\"color:#b60606;font-style:normal;font-weight:600\"><em>Origen<\/em><\/h3>\n\n\n\n<p class=\"has-text-align-left\">La Hora de Presencia en el Coraz\u00f3n de Jes\u00fas tiene su origen en el Calvario con la presencia amorosa de Mar\u00eda, Juan y Mar\u00eda Magdalena al pie de la Cruz. As\u00ed como los reyes de la tierra tienen guardias que por turno los cuidan y rinden servicio, as\u00ed los que se consagran Guardias de honor del Sagrado Coraz\u00f3n, contin\u00faan esta Guardia la pie de la Cruz que iniciaron la Sant\u00edsima Virgen, el Ap\u00f3stol San Juan y Santa Mar\u00eda Magdalena.<\/p>\n<\/div>\n\n\n\n<div class=\"wp-block-column is-layout-flow wp-container-core-column-is-layout-e3d1c41b wp-block-column-is-layout-flow\">\n<h3 class=\"wp-block-heading has-text-align-left is-style-asterisk has-text-color has-link-color has-large-font-size wp-elements-d4ca56dd58a088f5a99385fcdc2935e5\" style=\"color:#b60606;font-style:normal;font-weight:600\"><em>Objetivo<\/em><\/h3>\n\n\n\n<p class=\"has-text-align-left\">Responder al deseo del mismo Jes\u00fas:&nbsp;<strong><em>\u201cEsper\u00e9 compasi\u00f3n, pero en vano, consuelo, pero no lo encontr\u00e9\u201d<\/em>&nbsp;<\/strong>(Sal 69, 21) y&nbsp;<strong>\u201c\u00a1Al menos t\u00fa, \u00e1mame!\u201d<\/strong>.&nbsp;<em>(Invocaci\u00f3n de Jes\u00fas a Santa Margarita Mar\u00eda de Alacoque).<\/em><\/p>\n<\/div>\n<\/div>\n<\/div>\n\n\n\n<div class=\"wp-block-group alignfull has-base-color has-text-color has-background has-global-padding is-layout-constrained wp-container-core-group-is-layout-7cd14b77 wp-block-group-is-layout-constrained\" style=\"background-color:#b60606;margin-top:0;margin-bottom:0;padding-top:var(--wp--preset--spacing--60);padding-right:var(--wp--preset--spacing--60);padding-bottom:var(--wp--preset--spacing--60);padding-left:var(--wp--preset--spacing--60)\">\n<div class=\"wp-block-group has-global-padding is-layout-constrained wp-block-group-is-layout-constrained\">\n<p class=\"has-text-align-center has-base-color has-text-color has-heading-font-family has-x-large-font-size\" style=\"line-height:1.2\"> <em>\u201cAl menos t\u00fa, \u00e1mame\u201d<\/em> <\/p>\n\n\n\n<div style=\"height:var(--wp--preset--spacing--10)\" aria-hidden=\"true\" class=\"wp-block-spacer\"><\/div>\n\n\n\n<div class=\"wp-block-group is-vertical is-content-justification-center is-nowrap is-layout-flex wp-container-core-group-is-layout-2dc08cea wp-block-group-is-layout-flex\">\n<ul class=\"wp-block-social-links has-huge-icon-size has-icon-color has-icon-background-color is-layout-flex wp-block-social-links-is-layout-flex\"><li style=\"color:#ffffff;background-color:#3962e3;\" class=\"wp-social-link wp-social-link-facebook  wp-block-social-link\"><a href=\"https:\/\/www.facebook.com\/guardiadehonorSCgdl\" class=\"wp-block-social-link-anchor\"><svg width=\"24\" height=\"24\" viewBox=\"0 0 24 24\" version=\"1.1\" xmlns=\"http:\/\/www.w3.org\/2000\/svg\" aria-hidden=\"true\" focusable=\"false\"><path d=\"M12 2C6.5 2 2 6.5 2 12c0 5 3.7 9.1 8.4 9.9v-7H7.9V12h2.5V9.8c0-2.5 1.5-3.9 3.8-3.9 1.1 0 2.2.2 2.2.2v2.5h-1.3c-1.2 0-1.6.8-1.6 1.6V12h2.8l-.4 2.9h-2.3v7C18.3 21.1 22 17 22 12c0-5.5-4.5-10-10-10z\"><\/path><\/svg><span class=\"wp-block-social-link-label screen-reader-text\">Facebook<\/span><\/a><\/li>\n\n<li style=\"color:#ffffff;background-color:#3962e3;\" class=\"wp-social-link wp-social-link-youtube  wp-block-social-link\"><a href=\"https:\/\/www.youtube.com\/@guardiadehonorSCgdl\" class=\"wp-block-social-link-anchor\"><svg width=\"24\" height=\"24\" viewBox=\"0 0 24 24\" version=\"1.1\" xmlns=\"http:\/\/www.w3.org\/2000\/svg\" aria-hidden=\"true\" focusable=\"false\"><path d=\"M21.8,8.001c0,0-0.195-1.378-0.795-1.985c-0.76-0.797-1.613-0.801-2.004-0.847c-2.799-0.202-6.997-0.202-6.997-0.202 h-0.009c0,0-4.198,0-6.997,0.202C4.608,5.216,3.756,5.22,2.995,6.016C2.395,6.623,2.2,8.001,2.2,8.001S2,9.62,2,11.238v1.517 c0,1.618,0.2,3.237,0.2,3.237s0.195,1.378,0.795,1.985c0.761,0.797,1.76,0.771,2.205,0.855c1.6,0.153,6.8,0.201,6.8,0.201 s4.203-0.006,7.001-0.209c0.391-0.047,1.243-0.051,2.004-0.847c0.6-0.607,0.795-1.985,0.795-1.985s0.2-1.618,0.2-3.237v-1.517 C22,9.62,21.8,8.001,21.8,8.001z M9.935,14.594l-0.001-5.62l5.404,2.82L9.935,14.594z\"><\/path><\/svg><span class=\"wp-block-social-link-label screen-reader-text\">YouTube<\/span><\/a><\/li>\n\n<li style=\"color:#ffffff;background-color:#3962e3;\" class=\"wp-social-link wp-social-link-mail  wp-block-social-link\"><a href=\"mailto:&#103;uar&#100;ia&#104;&#103;&#100;&#108;&#064;&#103;ma&#105;&#108;&#046;com\" class=\"wp-block-social-link-anchor\"><svg width=\"24\" height=\"24\" viewBox=\"0 0 24 24\" version=\"1.1\" xmlns=\"http:\/\/www.w3.org\/2000\/svg\" aria-hidden=\"true\" focusable=\"false\"><path d=\"M19,5H5c-1.1,0-2,.9-2,2v10c0,1.1.9,2,2,2h14c1.1,0,2-.9,2-2V7c0-1.1-.9-2-2-2zm.5,12c0,.3-.2.5-.5.5H5c-.3,0-.5-.2-.5-.5V9.8l7.5,5.6,7.5-5.6V17zm0-9.1L12,13.6,4.5,7.9V7c0-.3.2-.5.5-.5h14c.3,0,.5.2.5.5v.9z\"><\/path><\/svg><span class=\"wp-block-social-link-label screen-reader-text\">Correo electr\u00f3nico<\/span><\/a><\/li><\/ul>\n<\/div>\n<\/div>\n<\/div>\n\n\n\n<p class=\"has-text-align-center\">Sitio Web de la Mesa Directiva de Guadalajara, Jalisco, M\u00e9xico<\/p>\n\n\n\n<div class=\"wp-block-buttons is-content-justification-center is-layout-flex wp-container-core-buttons-is-layout-a89b3969 wp-block-buttons-is-layout-flex\">\n<div class=\"wp-block-button\"><a class=\"wp-block-button__link wp-element-button\" href=\"https:\/\/laguardiadehonor.com.mx\/index.php\/contacto\/\" target=\"_blank\" rel=\"noreferrer noopener\">Contacto<\/a><\/div>\n<\/div>\n<div class=\"pvc_clear\"><\/div><p id=\"pvc_stats_26\" class=\"pvc_stats all  \" data-element-id=\"26\" style=\"\"><i class=\"pvc-stats-icon medium\" aria-hidden=\"true\"><svg aria-hidden=\"true\" focusable=\"false\" data-prefix=\"far\" data-icon=\"chart-bar\" role=\"img\" xmlns=\"http:\/\/www.w3.org\/2000\/svg\" viewBox=\"0 0 512 512\" class=\"svg-inline--fa fa-chart-bar fa-w-16 fa-2x\"><path fill=\"currentColor\" d=\"M396.8 352h22.4c6.4 0 12.8-6.4 12.8-12.8V108.8c0-6.4-6.4-12.8-12.8-12.8h-22.4c-6.4 0-12.8 6.4-12.8 12.8v230.4c0 6.4 6.4 12.8 12.8 12.8zm-192 0h22.4c6.4 0 12.8-6.4 12.8-12.8V140.8c0-6.4-6.4-12.8-12.8-12.8h-22.4c-6.4 0-12.8 6.4-12.8 12.8v198.4c0 6.4 6.4 12.8 12.8 12.8zm96 0h22.4c6.4 0 12.8-6.4 12.8-12.8V204.8c0-6.4-6.4-12.8-12.8-12.8h-22.4c-6.4 0-12.8 6.4-12.8 12.8v134.4c0 6.4 6.4 12.8 12.8 12.8zM496 400H48V80c0-8.84-7.16-16-16-16H16C7.16 64 0 71.16 0 80v336c0 17.67 14.33 32 32 32h464c8.84 0 16-7.16 16-16v-16c0-8.84-7.16-16-16-16zm-387.2-48h22.4c6.4 0 12.8-6.4 12.8-12.8v-70.4c0-6.4-6.4-12.8-12.8-12.8h-22.4c-6.4 0-12.8 6.4-12.8 12.8v70.4c0 6.4 6.4 12.8 12.8 12.8z\" class=\"\"><\/path><\/svg><\/i> <img loading=\"lazy\" decoding=\"async\" width=\"16\" height=\"16\" alt=\"Loading\" src=\"https:\/\/laguardiadehonor.com.mx\/wp-content\/plugins\/page-views-count\/ajax-loader-2x.gif\" border=0 \/><\/p><div class=\"pvc_clear\"><\/div>","protected":false},"excerpt":{"rendered":"<p>Asociaci\u00f3n de fieles (laicos, religiosos, sacerdotes) antes conocida como Archicofrad\u00eda, &nbsp;fundada en 1863. \u00bfQu\u00e9 es ser Guardia de honor? Vivimos seg\u00fan nuestro estado de vida (como seglares, religiosos o sacerdotes)&nbsp;consagrados al Sagrado Coraz\u00f3n de Jes\u00fas.&nbsp;Hacemos vida esta consagraci\u00f3n, eligiendo una hora al d\u00eda para vivirla intensamente ofreciendo a Jes\u00fas todo lo que se hace, sin [&hellip;]<\/p>\n<div class=\"pvc_clear\"><\/div>\n<p id=\"pvc_stats_26\" class=\"pvc_stats all  \" data-element-id=\"26\" style=\"\"><i class=\"pvc-stats-icon medium\" aria-hidden=\"true\"><svg aria-hidden=\"true\" focusable=\"false\" data-prefix=\"far\" data-icon=\"chart-bar\" role=\"img\" xmlns=\"http:\/\/www.w3.org\/2000\/svg\" viewBox=\"0 0 512 512\" class=\"svg-inline--fa fa-chart-bar fa-w-16 fa-2x\"><path fill=\"currentColor\" d=\"M396.8 352h22.4c6.4 0 12.8-6.4 12.8-12.8V108.8c0-6.4-6.4-12.8-12.8-12.8h-22.4c-6.4 0-12.8 6.4-12.8 12.8v230.4c0 6.4 6.4 12.8 12.8 12.8zm-192 0h22.4c6.4 0 12.8-6.4 12.8-12.8V140.8c0-6.4-6.4-12.8-12.8-12.8h-22.4c-6.4 0-12.8 6.4-12.8 12.8v198.4c0 6.4 6.4 12.8 12.8 12.8zm96 0h22.4c6.4 0 12.8-6.4 12.8-12.8V204.8c0-6.4-6.4-12.8-12.8-12.8h-22.4c-6.4 0-12.8 6.4-12.8 12.8v134.4c0 6.4 6.4 12.8 12.8 12.8zM496 400H48V80c0-8.84-7.16-16-16-16H16C7.16 64 0 71.16 0 80v336c0 17.67 14.33 32 32 32h464c8.84 0 16-7.16 16-16v-16c0-8.84-7.16-16-16-16zm-387.2-48h22.4c6.4 0 12.8-6.4 12.8-12.8v-70.4c0-6.4-6.4-12.8-12.8-12.8h-22.4c-6.4 0-12.8 6.4-12.8 12.8v70.4c0 6.4 6.4 12.8 12.8 12.8z\" class=\"\"><\/path><\/svg><\/i> <img loading=\"lazy\" decoding=\"async\" width=\"16\" height=\"16\" alt=\"Loading\" src=\"https:\/\/laguardiadehonor.com.mx\/wp-content\/plugins\/page-views-count\/ajax-loader-2x.gif\" border=0 \/><\/p>\n<div class=\"pvc_clear\"><\/div>\n","protected":false},"author":5,"featured_media":439,"parent":0,"menu_order":0,"comment_status":"closed","ping_status":"closed","template":"","meta":{"footnotes":""},"class_list":["post-26","page","type-page","status-publish","has-post-thumbnail","hentry"],"a3_pvc":{"activated":true,"total_views":3281,"today_views":0},"jetpack_sharing_enabled":true,"_links":{"self":[{"href":"https:\/\/laguardiadehonor.com.mx\/index.php\/wp-json\/wp\/v2\/pages\/26","targetHints":{"allow":["GET"]}}],"collection":[{"href":"https:\/\/laguardiadehonor.com.mx\/index.php\/wp-json\/wp\/v2\/pages"}],"about":[{"href":"https:\/\/laguardiadehonor.com.mx\/index.php\/wp-json\/wp\/v2\/types\/page"}],"author":[{"embeddable":true,"href":"https:\/\/laguardiadehonor.com.mx\/index.php\/wp-json\/wp\/v2\/users\/5"}],"replies":[{"embeddable":true,"href":"https:\/\/laguardiadehonor.com.mx\/index.php\/wp-json\/wp\/v2\/comments?post=26"}],"version-history":[{"count":3,"href":"https:\/\/laguardiadehonor.com.mx\/index.php\/wp-json\/wp\/v2\/pages\/26\/revisions"}],"predecessor-version":[{"id":342,"href":"https:\/\/laguardiadehonor.com.mx\/index.php\/wp-json\/wp\/v2\/pages\/26\/revisions\/342"}],"wp:featuredmedia":[{"embeddable":true,"href":"https:\/\/laguardiadehonor.com.mx\/index.php\/wp-json\/wp\/v2\/media\/439"}],"wp:attachment":[{"href":"https:\/\/laguardiadehonor.com.mx\/index.php\/wp-json\/wp\/v2\/media?parent=26"}],"curies":[{"name":"wp","href":"https:\/\/api.w.org\/{rel}","templated":true}]}}